 base 16, what is 62bf - 3?
62bc
In base 11, what is -1 + 19381?
19380
In base 10, what is 54 + -2652?
-2598
In base 5, what is 104 - -1210430?
1211034
In base 6, what is 1141 - -2553?
4134
In base 6, what is -1544552 + 43?
-1544505
In base 16, what is -2905 - -2?
-2903
In base 16, what is 16d + 86?
1f3
In base 11, what is 137 + -16a8?
-1571
In base 16, what is a - 4bd3?
-4bc9
In base 5, what is 31 - -3342?
3423
In base 7, what is 25001 + -62?
24606
In base 11, what is -968 - -11a?
-849
In base 9, what is 4 - -635215?
635220
In base 12, what is 677 + ab?
766
In base 7, what is -615355 + -1?
-615356
In base 7, what is -30 - 253553?
-253613
In base 3, what is 10202 - 121211?
-111002
In base 15, what is -5 - -17934?
1792e
In base 14, what is -4 + 9b79?
9b75
In base 5, what is -230 - -414431?
414201
In base 15, what is 0 + -432a?
-432a
In base 3, what is 221222100222 - -20?
221222101012
In base 5, what is -30124242 + -4?
-30124301
In base 8, what is 124 + 7653?
7777
In base 4, what is 2 + -11203?
-11201
In base 5, what is -3202 - -31411?
23204
In base 11, what is 97 + 3653?
373a
In base 8, what is -74127 - 2?
-74131
In base 7, what is -32 + 203105?
203043
In base 14, what is -67689 - -2?
-67687
In base 4, what is 0 - 12313?
-12313
In base 13, what is 1 + 2042?
2043
In base 12, what is 33 + -3ba?
-387
In base 2, what is -11001010 - -111000010?
11111000
In base 9, what is -2000 - 6?
-2006
In base 15, what is -35 + 512e?
50e9
In base 13, what is 2 + 161b81?
161b83
In base 8, what is -1337 - 6?
-1345
In base 7, what is 0 + 3231214?
3231214
In base 12, what is 398 + 60?
438
In base 6, what is 2 + -4504352?
-4504350
In base 11, what is 998 + -9a1?
-4
In base 9, what is -708 + 7638?
6830
In base 9, what is -28 - 1761?
-1800
In base 11, what is 513 - -6a8?
1110
In base 7, what is -2 - -4364506?
4364504
In base 11, what is 456 + 3360?
3806
In base 10, what is 3 + -6670?
-6667
In base 16, what is 9a + 4d?
e7
In base 4, what is -2113223 + 101?
-2113122
In base 12, what is -17 - 12a2?
-12b9
In base 2, what is 10001011100011000 + 11?
10001011100011011
In base 15, what is -30 + -61b3?
-61e3
In base 7, what is 542416 + 1?
542420
In base 8, what is -2251 + 705?
-1344
In base 15, what is 4 + 2c153?
2c157
In base 13, what is -1b1476 - 2?
-1b1478
In base 15, what is 3 - 10bd32?
-10bd2e
In base 5, what is -112 - -1022431?
1022314
In base 2, what is 1101 + -101100110101101100?
-101100110101011111
In base 6, what is 3 - -141213?
141220
In base 12, what is -182845 - 0?
-182845
In base 11, what is 373 - -1384?
1747
In base 13, what is 15 + -65c72?
-65c5a
In base 4, what is -100 - -12033?
11333
In base 15, what is -2 - -12bb9?
12bb7
In base 9, what is -4 - 50776?
-50781
In base 9, what is -4 + 18503?
18488
In base 3, what is 101 + -21012001102?
-21012001001
In base 6, what is -315 + -202?
-521
In base 13, what is -2 - 2a67?
-2a69
In base 3, what is -200211110 - -10?
-200211100
In base 11, what is 2 - 13a2?
-13a0
In base 5, what is -14 - 214403?
-214422
In base 13, what is -5c07 - -2?
-5c05
In base 6, what is -11 + -2144023?
-2144034
In base 16, what is 1150 + -182?
fce
In base 4, what is -231301 + -3?
-231310
In base 11, what is -5 + -59596?
-595a0
In base 9, what is -106 - -877?
771
In base 8, what is 3 - -1002200?
1002203
In base 16, what is -8e3 - c0?
-9a3
In base 4, what is -10332211 - 10?
-10332221
In base 5, what is 441400 + 10?
441410
In base 7, what is 3 - -663?
666
In base 14, what is -26 + 29a?
274
In base 13, what is -73ab2 + -21?
-73b03
In base 8, what is -617 + 200?
-417
In base 11, what is 158659 + -5?
158654
In base 2, what is 101 - -11110110000?
11110110101
In base 15, what is -2167 + 2?
-2165
In base 11, what is 26 + -1380?
-1355
In base 2, what is -11111010011 - -110001111?
-11001000100
In base 4, what is 10221221 + -111?
10221110
In base 8, what is -204 + 252?
46
In base 2, what is 1001011110001101110 + -1?
1001011110001101101
In base 2, what is -101 + 1110001000011100011?
1110001000011011110
In base 4, what is -12 - 200020?
-200032
In base 7, what is -20014 + -241?
-20255
In base 13, what is 708 - 8?
700
In base 10, what is -74367 - -5?
-74362
In base 4, what is 120231 + -2100?
112131
In base 12, what is 3 - -316?
319
In base 15, what is -a - -22a4?
2299
In base 7, what is 4325130 + 4?
4325134
In base 6, what is 30130 + 0?
30130
In base 16, what is 4a042 - -4?
4a046
In base 2, what is 101001100100010110 + 101?
101001100100011011
In base 3, what is -1120110220 + 2002?
-1120101211
In base 4, what is -2301120 + 0?
-2301120
In base 5, what is 4140200 + -1?
4140144
In base 9, what is -25457 - -3?
-25454
In base 2, what is 10000010011 - -1?
10000010100
In base 4, what is 2 - -23033?
23101
In base 6, what is -24155010 - 1?
-24155011
In base 12, what is 4 + 32030?
32034
In base 14, what is 244 - -b22?
d66
In base 8, what is -3704 + 320?
-3364
In base 16, what is 2422 - -37?
2459
In base 10, what is 4 - -16352?
16356
In base 7, what is -3 - -543511?
543505
In base 3, what is 12 - -100211?
101000
In base 4, what is 11 - 1123222?
-1123211
In base 4, what is 11 - -1002311?
1002322
In base 9, what is 176 - 686?
-510
In base 2, what is -11111100 + -100000101011?
-100100100111
In base 2, what is -111001101101111 - 10?
-111001101110001
In base 15, what is 3d2d9 - e?
3d2ca
In base 2, what is -101110010011100001 + 100?
-101110010011011101
In base 5, what is 2 - 124131014?
-124131012
In base 3, what is 111012 - -120202210?
121020222
In base 7, what is 1 - 4446262?
-4446261
In base 5, what is -11324 - 12210?
-24034
In base 3, what is 2111122 + 121?
2112020
In base 14, what is -85 - -1b?
-68
In base 15, what is -5 - -c5d1?
c5cb
In base 11, what is -19023 + 3?
-19020
In base 14, what is -d39c6 - 0?
-d39c6
In base 14, what is -b41 - a?
-b4b
In base 6, what is 43410 - 101?
43305
In base 10, what is 321 - -72?
393
In base 4, what is 3 - -31123013?
31123022
In base 10, what is -9 + -88768?
-88777
In base 12, what is -4 + 19490?
19488
In base 9, what is -6133 - -3?
-6130
In base 11, what is 3053 - 9?
3045
In base 4, what is 112110 - -1132?
113302
In base 7, what is -615 + 20153?
16235
In base 9, what is -14128 + -41?
-14170
In base 13, what is -1a3a3 - -5?
-1a39b
In base 13, what is 2 - -1b4b6?
1b4b8
In base 5, what is -10313 + 114?
-10144
In base 6, what is 1144513 + 22?
1144535
In base 7, what is -341560 - 3?
-341563
In base 13, what is 162137 - 1?
162136
In base 9, what is -5 + -21550?
-21555
In base 16, what is 1b8c - -4d?
1bd9
In base 13, what is -1195 - 460?
-1625
In base 4, what is 200 - -220?
1020
In base 9, what is -1737 - -267?
-1460
In base 5, what is 14103241 + 4?
14103300
In base 12, what is 1b717 + 5?
1b720
In base 8, what is 352 - -152?
524
In base 14, what is 30a58 - 2?
30a56
In base 14, what is 122 + -281?
-15d
In base 6, what is 31 - -211351?
211422
In base 5, what is -11211220 + 0?
-11211220
In base 15, what is 3 - b692?
-b68e
In base 7, what is -106614 - 5?
-106622
In base 2, what is 100 - -1111010001001?
1111010001101
In base 2, what is 11110 - -1110000001111101?
1110000010011011
In base 10, what is -4 + -643?
-647
In base 5, what is -122300222 + -2?
-122300224
In base 14, what is -50 - 42c?
-47c
In base 7, what is -103 - 55613?
-56016
In base 9, what is 84 + -15487?
-15403
In base 3, what is 2 - 11012222202?
-11012222200
In base 3, what is 2202020022212 + -11?
2202020022201
In base 15, what is -db27 + 34?
-dae3
In base 15, what is 5 + -2cd9c?
-2cd97
In base 13, what is -33 + 317?
2b4
In base 6, what is 1253511 - 5?
1253502
In base 14, what is b + -51888?
-5187b
In base 7, what is 2 + 65053?
65055
In base 7, what is 1222656 + 3?
1222662
In base 10, what is -9 + -1297?
-1306
In base 2, what is 1010011010 + 1110011?
1100001101
In base 10, what is 12 - -2286?
2298
In base 14, what is 43 - 1004?
-da1
In base 11, what is -1 + -1168a?
-11690
In base 3, what is -2011 + 1100210002?
1100200221
In base 15, what is 14 + 34601?
34615
In base 15, what is 175 + -1ba8?
-1a33
In base 5, what is 323122 - 22?
323100
In base 12, what is 4 + 3a54?
3a58
In base 8, what is -33146 - 131?
-33277
In base 9, what is -257344 - 0?
-257344
In base 15, what is -9 - -9eb5?
9eab
In base 16, what is -11 - 34d1?
-34e2
In base 3, what is -1000210110 + 2?
-1000210101
In base 4, what is 30